- 3*d = 0. Let l be 1/(d - (4 - 3)). Determine z(l).
-2
Let o(d) = -d**3 - d**2 + d. Suppose 9*l - 3 = 6*l. Calculate o(l).
-1
Let r(q) = -4*q + 2. Suppose 2*c - 9 - 17 = 0. Suppose 5*j + c = 3. What is r(j)?
10
Let g(c) = -2*c**2 - c + 5*c**2 + 2*c**2 - 2*c**3 - 3*c**2 + 1. Determine g(2).
-9
Let k(b) = b**3 + 11*b**2 - 13*b - 8. Let m be k(-12). Suppose 7*n = m*n + 9. Let l(i) = 2*i + 4. What is l(n)?
10
Let f(m) = -3*m**2 - 6*m + 19. Let u(n) = -n**2 - 2*n + 6. Let w(h) = 2*f(h) - 7*u(h). What is w(3)?
11
Let i(f) = -2*f**3 + 5*f**3 + 3*f**3 - 7*f**3 - 3*f + 3*f**2 + 3. Calculate i(3).
-6
Suppose 0 = -7*c + 2*c. Let n(j) be the third derivative of -j**5/60 - j**4/24 + j**3 - 24*j**2. Give n(c).
6
Let y = -17 + 11. Let q(l) be the third derivative of l**5/60 + l**4/4 + l**3/3 + 13*l**2. Determine q(y).
2
Let b(i) = 2 + i**2 + 2*i + 1 - 3. Let h(s) = 4*s**3 - s. Let x(m) = m**3 + 7*m**2 - m - 8. Let g be x(-7). Let o be h(g). Calculate b(o).
3
Let w be ((-11)/22)/(2/(-4)). Let s(q) = -2*q - 6*q + 7*q. What is s(w)?
-1
Let k(r) = -9 + 3 + 2*r + 11*r**2 - 4 - r**3 - 3*r**2. Give k(8).
6
Let y(d) be the second derivative of -3*d**5/20 - d**4/12 - d**3/6 + d. Suppose -5*v + 32 = -v. Let o = v - 9. Give y(o).
3
Suppose -20 = 5*b + 10. Let v be ((-2)/b)/((-4)/(-60)). Let i(a) = -a**2 + 5*a - 3. Calculate i(v).
-3
Let u(l) = l**2 + 0 + 0*l + 4*l - 4. Let g be u(-4). Let i(m) = m**3 + 4*m**2 - 4. Let s be i(g). Let v(o) = -o**3 - 4*o**2 + 3*o + 4. Give v(s).
-8
Let b(q) = -2*q**2 + 3 - 2*q - 4*q - 4 + 5*q. What is b(-1)?
-2
Let u(i) = -i**3 - i**2 - 3. Suppose 0 = -4*a + 7*a. Determine u(a).
-3
Let a(p) = -p. Let i be a(-11). Let u(v) = i*v - 7*v + 1 + 7*v. Calculate u(1).
12
Let a(r) = r**2 - r - 2. Let o(h) = h. Let g(l) = a(l) + 2*o(l). Give g(-6).
28
Let m(u) = -u - 8. Let c be m(-12). Let d(l) = l**2 - 9*l. Give d(c).
-20
Let j(k) = 2*k**2 + 6*k. Let c be (-6)/(12/10) + 1. What is j(c)?
8
Let l be -2 + (-1*1 - 0). Let t(n) be the first derivative of n**3/3 + n**2 - 4*n + 7. Give t(l).
-1
Let q(a) = -a**3 - a**2 - a + 1. Let c(g) = -2*g**3 + 3*g**2 + 3*g + 2. Let n(s) = c(s) - 3*q(s). Calculate n(-5).
-6
Let p(g) = 5*g + 1. Let q be 6*(54/12 - 5). Give p(q).
-14
Suppose 4*b - 5*o = -14, -3*b = o + 4 - 3. Let k(m) = 4*m**2 - 2*m - 1. Calculate k(b).
5
Suppose -5*x = -5*g + 15, x + 5*g + 17 = 44. Let u(s) = 1 + 2*s + 2*s - s**3 + s**x - 5*s. Let a(m) = m**3 - m**2. Let y be a(0). Calculate u(y).
1
Suppose 16 - 68 = 5*k + 2*t, 2*k + 5*t = -25. Let z(c) = -c**3 - 10*c**2 + c - 7. Calculate z(k).
-17
Let j(a) be the second derivative of -a**5/20 - a**4/6 - 3*a**2/2 - a. Suppose -5*c - 8 = -c. Let n be -1*3*(c - -3). Give j(n).
6
Let r be 16*-1*2/4. Let y = -3 - r. Let q(b) = -4*b - 1. Let u(m) = -m + 1. Let d(x) = -q(x) + 6*u(x). What is d(y)?
-3
Let i(c) = c**2 - 10*c + 10. Let w be i(9). Let l(f) = w - 5 + 6*f - 3*f**2 + f**2. Let t(m) = m**3 - 9*m**2 + 10*m - 12. Let z be t(8). Determine l(z).
-12
Let h(x) = -x**3 + 8*x**2 - 7*x - 4. Suppose -4*n - m + 26 = -3*m, -4*m = -3*n + 17. Determine h(n).
-4
Let y = 4 - 4. Suppose b - 4*b = y. Let w(a) = a**2 + 5. Calculate w(b).
5
Suppose -5*l + 4*l + 1 = 0. Let w(b) = -24*b**3 + b**2 - 1. Calculate w(l).
-24
Suppose a + 10 = -4*a. Let q(f) be the first derivative of f**4/4 - 2*f**2 - 3*f - 5. Determine q(a).
-3
Suppose 8 = 4*w - 4*s, 8 = 4*w - 0*s + 5*s. Let l(b) = -3*b**2 + 2*b - b**2 + 1 + 3*b**w + 0*b. Let p = -7 + 11. Give l(p).
-7
Suppose 6*g - 16 = 2*g, 3*g = -5*l + 37. Let v(o) = 5*o**2 - 4*o**3 - o**2 + 3 + l*o**3. Determine v(-4).
3
Let z(l) be the third derivative of -l**6/30 - l**5/30 - l**4/12 - l**3/6 + 2*l**2. Suppose 2 + 2 = -4*n. Calculate z(n).
3
Suppose -4*i - 2*m = -0 + 8, 4*i - 4*m = -8. Let p(z) = z**3 + 3*z**2 + 2*z + 3. What is p(i)?
3
Let k(f) = f**3 + 5*f**2 + 4*f + 4. Let i be k(-4). Suppose -2*c - i - 8 = 0. Let z(b) = b**3 + 7*b**2 + 6*b + 4. Give z(c).
4
Let f = -84 + 80. Let u(z) = -z**3 - 4*z**2 + 3*z + 6. Give u(f).
-6
Suppose -44*b + 28*b - 64 = 0. Let a(v) = v - v**3 - 8*v + v - 5*v**2. Determine a(b).
8
Let f be 3*(-1 + (-2)/(-6)). Let s be 0 + -3 + f/2. Let x(q) = 5*q - 7. Let r(t) = 11*t - 15. Let n(k) = -6*r(k) + 13*x(k). Give n(s).
3
Let m(b) = 2*b**3 - b. Let p = -5 + 8. Suppose 4*i + p + 5 = 0. Calculate m(i).
-14
Let o = 26 + -29. Let p(m) = m**2 + 7*m + 2. Give p(o).
-10
Suppose -5*f - 2 - 18 = 0. Let p(a) = -a**2 - 5*a + 1. Let s be p(f). Let r(k) = -k**3 + 5*k**2 - k + 6. Give r(s).
1
Suppose 0*v + 4*v - 3*m = 18, -5*v + 17 = -m. Let d = -1 + v. Suppose -d = 2*p - 4. Let r(a) = -5*a**2 + 2*a - 1. What is r(p)?
-4
Suppose -4*w - 2*n = -14, 3*w = -2*n - 3*n - 7. Suppose 0*a = 5*z + 4*a - 30, -z - 3*a + w = 0. Let f(p) = p - 8. What is f(z)?
-2
Let r(a) = a**3 - 15*a**2 - 16*a + 6. Let p be r(16). Let c(l) = l**3 - 6*l**2 - 3*l + 4. Give c(p).
-14
Let v(j) = 15*j + 2*j**2 - 11*j - 8*j**2 - 5*j - j**3. Determine v(-6).
6
Let f(o) = -o**3 + 5*o**2 - 4*o - 4. Suppose -4*j + 3 + 13 = 0. Determine f(j).
-4
Let f(r) = -r**2 + 3. Let b(t) = 1. Let d(u) = -2*b(u) + f(u). Calculate d(-3).
-8
Let k = 2 - -2. Let a(p) = -1 + k*p - p**2 + 3 + 4 + 2*p**2. Determine a(-4).
6
Let h(i) = 2*i - 3. Suppose -2*o = 6 - 16. Calculate h(o).
7
Let b(s) = 7*s**3 + 6*s**2 + 7*s - 1. Let l(x) = 6*x**3 + 6*x**2 + 7*x. Let f(m) = 5*b(m) - 6*l(m). Determine f(-5).
5
Suppose 0 = -5*z - 5, -2 = -s + 2*z - 3*z. Let h(d) = -4*d**2 - 3*d**2 - 13*d - 4 + 5*d - d**s. What is h(-5)?
-14
Let a(w) = w**2 - w. Let p(h) = 5*h**2 - 8*h + 5. Let f(r) = -6*a(r) + p(r). Give f(-4).
-3
Let r(q) = -5*q + 1. Let k(p) = 6*p - 2. Let o(m) = 3*k(m) + 4*r(m). Determine o(-2).
2
Let i(z) = z**3 - 9*z**2 - z + 12. Let d be i(9). Suppose y + 1 = d. Let x(j) = -3*j - 1. Calculate x(y).
-7
Suppose -23 = -q - 4*d, 0*d + 20 = 4*d. Let j(i) = 1 + 4*i**2 - 5*i**2 + q*i - 1. Give j(3).
0
Let d(l) be the first derivative of l**6/360 + l**4/12 - 8*l**3/3 + 7. Let p(r) be the third derivative of d(r). What is p(2)?
6
Let v(o) be the first derivative of -o**3/3 - 3*o**2 - 4*o - 10. Give v(-5).
1
Let b(k) = 2*k**3 - k**2 + k. Suppose 0 = -3*u - 4*t + 11, 5*u = u - 3*t + 10. Determine b(u).
2
Let x(h) = h - 7. Let k be x(6). Let g(b) = -b**3 - b**2 + b - 1. Let y(v) = 2 - 2*v - 7*v**3 - v**2 + v + 0*v. Let q(n) = -g(n) - y(n). Determine q(k).
-7
Let w = -27 + 22. Let b(s) = -s**2 - 5*s - 4. Give b(w).
-4
Let w(d) = d + 6. Let m(h) = -h. Let b(z) = 2*m(z) + w(z). Let i(p) = -p**2 + 6*p. Let o be i(5). Give b(o).
1
Let c(p) = p**2 - 7*p + 5*p + p**2. Let i = -23 - -11. Let j be i/8*(-8)/6. Determine c(j).
4
Suppose -3 = -2*w + w - 2*k, -3*k = 3*w + 3. Let j(q) be the third derivative of q**6/120 + q**5/12 + q**4/12 + 2*q**3/3 - q**2. Calculate j(w).
-6
Let d(s) = 3*s**3 + 2*s**2 + 3*s + 1 + s**2 - s**2 + 2*s**2. Calculate d(-2).
-13
Let a(j) be the third derivative of j**5/20 - j**3/6 + 23*j**2. Determine a(-1).
2
Suppose 2*s - 3*s = 0, 5*h = -3*s - 15. Let r = -8 - h. Let z(u) = -u**2 - 4*u - 4. Calculate z(r).
-9
Let j = 3 - 1. Suppose 0 = j*p - 6. Let h(i) = -i**2 + 4*i + 4. Determine h(p).
7
Let y = -8 + 5. Let m = y + 6. Let l(w) = -11*w - 14. Let c(f) = -5*f - 7. Let r(q) = 13*c(q) - 6*l(q). What is r(m)?
-4
Let z(o) = -o**2 - 6*o + 2. Let h be z(-6). Let b(n) = 6 - n + h - 5. What is b(-4)?
7
Let r(m) = -2*m**2 + 8*m - 9. Let t(p) = 3*p**2 - 9*p + 10. Let x(w) = 5*r(w) + 4*t(w). Suppose -4*c + k - 20 = 0, -4*c - k + 3*k = 24. What is x(c)?
11
Let k(i) be the first derivative of -2 + 1/3*i**3 + 1/3*i**4 - 2*i + 2*i**2 + 1/20*i**5. Let g(o) be the first derivative of k(o). Determine g(-3).
7
Let b(o) be the second derivative of o**5/20 - o**4/3 - 7*o**3/6 + 3*o**2/2 + o. Let k = 7 - 3. Suppose -10 - 10 = -k*d. What is b(d)?
-7
Let p(m) = -m**2 + 4*m + 5. Suppose 4*w = c - 13, 17 - 3 = 2*c + 4*w. Let b(i) = -4*i**3 + 15 - 9*i**2 - c*i - 2*i + 5*i**3. Let o be b(10). Determine p(o).
0
Let t(m) = m**2 - 4*m - 12. Let q(x) = x + 1. Let y(j) = -3*q(j) - t(j). Let r be (-3)/4 - 47/(-4). Let g(a) = a**2 - 12*a + 11. Let l be g(r). Determine y(l).
9
Suppose -3*j = -0*j - 48. Suppose -5*w - 3*a = -19, w - 2*w + 5*a = 13. Suppose j = -2*m - w*m. Let q(c) = -c**2 - 3*c. Give q(m).
-4
Let q(t) = -26*t - 25*t - 24*t - 1 + 74*t. Calcula